{"id":13,"date":"2023-03-08T19:31:07","date_gmt":"2023-03-08T18:31:07","guid":{"rendered":"https:\/\/ccover.be\/?page_id=13"},"modified":"2025-03-11T16:56:07","modified_gmt":"2025-03-11T15:56:07","slug":"beaux-portfolios-pour-des-creatifs-exceptionnels","status":"publish","type":"page","link":"https:\/\/ccover.be\/","title":{"rendered":"Caract\u00e9ristiques de nos prot\u00e8ges dents C-Cover"},"content":{"rendered":"\n<figure class=\"wp-block-image size-large\"><img fetchpriority=\"high\" decoding=\"async\" width=\"1024\" height=\"260\" src=\"https:\/\/ccover.be\/wp-content\/uploads\/2023\/03\/imageCARACTER-2-1024x260.png\" alt=\"\" class=\"wp-image-199\" srcset=\"https:\/\/ccover.be\/wp-content\/uploads\/2023\/03\/imageCARACTER-2-1024x260.png 1024w, https:\/\/ccover.be\/wp-content\/uploads\/2023\/03\/imageCARACTER-2-300x76.png 300w, https:\/\/ccover.be\/wp-content\/uploads\/2023\/03\/imageCARACTER-2-768x195.png 768w, https:\/\/ccover.be\/wp-content\/uploads\/2023\/03\/imageCARACTER-2-1536x390.png 1536w, https:\/\/ccover.be\/wp-content\/uploads\/2023\/03\/imageCARACTER-2-2048x520.png 2048w, https:\/\/ccover.be\/wp-content\/uploads\/2023\/03\/imageCARACTER-2-2000x508.png 2000w\" sizes=\"(max-width: 1024px) 100vw, 1024px\" \/><\/figure>\n\n\n\n<p><\/p>\n\n\n\n<p><\/p>\n\n\n\n<h1 class=\"wp-block-heading has-text-align-left\" id=\"fabrication\">Fabrication en 5 \u00e9tapes<\/h1>\n\n\n\n<figure class=\"wp-block-image size-large\"><img decoding=\"async\" width=\"1024\" height=\"576\" src=\"https:\/\/ccover.be\/wp-content\/uploads\/2023\/03\/Visual-Chart-Page-Iteration-1-1-1024x576.jpg\" alt=\"\" class=\"wp-image-194\" srcset=\"https:\/\/ccover.be\/wp-content\/uploads\/2023\/03\/Visual-Chart-Page-Iteration-1-1-1024x576.jpg 1024w, https:\/\/ccover.be\/wp-content\/uploads\/2023\/03\/Visual-Chart-Page-Iteration-1-1-300x169.jpg 300w, https:\/\/ccover.be\/wp-content\/uploads\/2023\/03\/Visual-Chart-Page-Iteration-1-1-768x432.jpg 768w, https:\/\/ccover.be\/wp-content\/uploads\/2023\/03\/Visual-Chart-Page-Iteration-1-1-1536x864.jpg 1536w, https:\/\/ccover.be\/wp-content\/uploads\/2023\/03\/Visual-Chart-Page-Iteration-1-1-2048x1152.jpg 2048w, https:\/\/ccover.be\/wp-content\/uploads\/2023\/03\/Visual-Chart-Page-Iteration-1-1-2000x1125.jpg 2000w\" sizes=\"(max-width: 1024px) 100vw, 1024px\" \/><\/figure>\n\n\n\n<h1 class=\"wp-block-heading has-text-align-left\" id=\"cabinets\">Nos cabinets partenaires<\/h1>\n\n\n\n<div class=\"wp-block-columns are-vertically-aligned-top is-layout-flex wp-container-core-columns-is-layout-28f84493 wp-block-columns-is-layout-flex\">\n<div class=\"wp-block-column is-vertically-aligned-top is-layout-flow wp-block-column-is-layout-flow\">\n<h2 class=\"wp-block-heading\">Cabinet dentaire DL<\/h2>\n\n\n\n<p>hello@cabinetdentairedl.com<br>010 41 28 45 <br>Rue Edmond Laffineur 9<br>1300 Wavre<\/p>\n<\/div>\n\n\n\n<div class=\"wp-block-column is-vertically-aligned-top is-layout-flow wp-block-column-is-layout-flow\">\n<h2 class=\"wp-block-heading\">VSC Clinic<\/h2>\n\n\n\n<p>Blikstraat 1<br>2110 &#8211; Wijnegem<br>+32 03 211 00 00<br>info@vsc.clinic<\/p>\n<\/div>\n\n\n\n<div class=\"wp-block-column is-vertically-aligned-top is-layout-flow wp-block-column-is-layout-flow\">\n<h2 class=\"wp-block-heading\">Cabinet Waterloo<br>Orthobello<\/h2>\n\n\n\n<p>Rue Th\u00e9ophile Delbar 8A Boite 1<br>1410 Waterloo<br>+32 2 354 07 52<br>Info@orthobello.be<\/p>\n\n\n\n<p><\/p>\n<\/div>\n<\/div>\n\n\n\n<div class=\"wp-block-columns is-layout-flex wp-container-core-columns-is-layout-28f84493 wp-block-columns-is-layout-flex\">\n<div class=\"wp-block-column is-layout-flow wp-block-column-is-layout-flow\">\n<h2 class=\"wp-block-heading has-foreground-color has-text-color has-link-color wp-elements-a813ee5272f8be0f96f3935a9b6ebb80\">Cabinet Dentaire Sophie Jacques<\/h2>\n\n\n\n<p class=\"has-foreground-color has-text-color has-link-color wp-elements-7ad90634ae8e5098c20f57f07a56d8eb\">Rue Konkel 218<br>1200 Bruxelles<br>02 762 44 23<br>dentiste.jacques@gmail.com<\/p>\n\n\n\n<p><\/p>\n<\/div>\n\n\n\n<div class=\"wp-block-column is-layout-flow wp-block-column-is-layout-flow\">\n<h2 class=\"wp-block-heading\">Cabinet b-smile dental clinic<\/h2>\n\n\n\n<p>Avenue Louise 120 ( 5 \u00e8me \u00e9tage) 1050 Bruxelles<br>02 649 41 55<br>dentalclinic@b-smile.eu<\/p>\n<\/div>\n\n\n\n<div class=\"wp-block-column is-layout-flow wp-block-column-is-layout-flow\">\n<h2 class=\"wp-block-heading\">Cabinet Smile Corner<\/h2>\n\n\n\n<p>Rue Edith Cavell 20<br>1180 Bruxelles<br>02 544 13 01<br>info@smilecorner.be<\/p>\n<\/div>\n<\/div>\n\n\n\n<div class=\"wp-block-columns is-layout-flex wp-container-core-columns-is-layout-28f84493 wp-block-columns-is-layout-flex\">\n<div class=\"wp-block-column is-layout-flow wp-block-column-is-layout-flow\">\n<h2 class=\"wp-block-heading\">Ortho friends &#8211; Cabinet d\u2019orthodontie<\/h2>\n\n\n\n<p>4A Place Dailly<br>1030 Bruxelles<br>02\/7338087<br>Info@orthodontiepirlet.be<br>www.orthodontiepirlet.be<\/p>\n<\/div>\n\n\n\n<div class=\"wp-block-column is-layout-flow wp-block-column-is-layout-flow\">\n<h2 class=\"wp-block-heading\">OrthoBello &#8211; Uccle<br><\/h2>\n\n\n\n<p>Avenue Brugmann 96-98<br>Entr\u00e9e rue Darwin <br>1190 &#8211; Uccle<br>023472761<\/p>\n\n\n\n<p><\/p>\n<\/div>\n\n\n\n<div class=\"wp-block-column is-layout-flow wp-block-column-is-layout-flow\">\n<h2 class=\"wp-block-heading\">Cabinet Val Duchesse<\/h2>\n\n\n\n<p><br>Avenue Jules G\u00e9nicot 2\/12<br>1160 &#8211; Auderghem<br>+32 2 425 91 49<br>info@cabinetvalduchesse.be<\/p>\n\n\n\n<p><\/p>\n<\/div>\n<\/div>\n\n\n\n<h1 class=\"wp-block-heading has-text-align-left\" id=\"a-propos\">Qui sommes-nous ?<\/h1>\n\n\n\n<div class=\"wp-block-media-text alignwide is-stacked-on-mobile has-white-color has-black-background-color has-text-color has-background\"><figure class=\"wp-block-media-text__media\"><img decoding=\"async\" width=\"683\" height=\"1024\" src=\"https:\/\/ccover.be\/wp-content\/uploads\/2023\/03\/Ccover-Feb23-95-683x1024.jpg\" alt=\"\" class=\"wp-image-45 size-full\" srcset=\"https:\/\/ccover.be\/wp-content\/uploads\/2023\/03\/Ccover-Feb23-95-683x1024.jpg 683w, https:\/\/ccover.be\/wp-content\/uploads\/2023\/03\/Ccover-Feb23-95-200x300.jpg 200w, https:\/\/ccover.be\/wp-content\/uploads\/2023\/03\/Ccover-Feb23-95-768x1152.jpg 768w, https:\/\/ccover.be\/wp-content\/uploads\/2023\/03\/Ccover-Feb23-95-1024x1536.jpg 1024w, https:\/\/ccover.be\/wp-content\/uploads\/2023\/03\/Ccover-Feb23-95-1365x2048.jpg 1365w, https:\/\/ccover.be\/wp-content\/uploads\/2023\/03\/Ccover-Feb23-95-2000x3000.jpg 2000w, https:\/\/ccover.be\/wp-content\/uploads\/2023\/03\/Ccover-Feb23-95-scaled.jpg 1707w\" sizes=\"(max-width: 683px) 100vw, 683px\" \/><\/figure><div class=\"wp-block-media-text__content\">\n<p id=\"a-propos\">C-Cover a \u00e9t\u00e9 fond\u00e9e en 2019 par Gauthier Boccard, joueur international belge.<br>Il a d\u00e9velopp\u00e9 le C-cover avec le Laboratoire Andriessens (Chiampo Laurent).<br>Le prot\u00e8ge dents est utilis\u00e9 par plusieurs joueurs internationaux et de DH, mais \u00e9galement par<br>toutes les cat\u00e9gories de joueurs.<\/p>\n\n\n\n<p>L\u2019objectif de C-Cover est d\u2019offrir le meilleur prot\u00e8ge-dents aux joueuses et joueurs de hockey<br>afin de r\u00e9pondre aux besoins du sportif actuel.<\/p>\n<\/div><\/div>\n\n\n\n<h1 class=\"wp-block-heading has-text-align-left\" id=\"Galerie\">Galerie photo<\/h1>\n\n\n\n<figure class=\"wp-block-gallery has-nested-images columns-default is-cropped has-white-background-color has-background wp-block-gallery-1 is-layout-flex wp-block-gallery-is-layout-flex\">\n<figure class=\"wp-block-image size-large\"><img loading=\"lazy\" decoding=\"async\" width=\"683\" height=\"1024\" data-id=\"41\" src=\"https:\/\/ccover.be\/wp-content\/uploads\/2023\/03\/Ccover-Feb23-108-683x1024.jpg\" alt=\"\" class=\"wp-image-41\" srcset=\"https:\/\/ccover.be\/wp-content\/uploads\/2023\/03\/Ccover-Feb23-108-683x1024.jpg 683w, https:\/\/ccover.be\/wp-content\/uploads\/2023\/03\/Ccover-Feb23-108-200x300.jpg 200w, https:\/\/ccover.be\/wp-content\/uploads\/2023\/03\/Ccover-Feb23-108-768x1152.jpg 768w, https:\/\/ccover.be\/wp-content\/uploads\/2023\/03\/Ccover-Feb23-108-1024x1536.jpg 1024w, https:\/\/ccover.be\/wp-content\/uploads\/2023\/03\/Ccover-Feb23-108-1365x2048.jpg 1365w, https:\/\/ccover.be\/wp-content\/uploads\/2023\/03\/Ccover-Feb23-108-2000x3000.jpg 2000w, https:\/\/ccover.be\/wp-content\/uploads\/2023\/03\/Ccover-Feb23-108-scaled.jpg 1707w\" sizes=\"(max-width: 683px) 100vw, 683px\" \/><\/figure>\n\n\n\n<figure class=\"wp-block-image size-large\"><img loading=\"lazy\" decoding=\"async\" width=\"683\" height=\"1024\" data-id=\"36\" src=\"https:\/\/ccover.be\/wp-content\/uploads\/2023\/03\/Ccover-Feb23-47-683x1024.jpg\" alt=\"\" class=\"wp-image-36\" srcset=\"https:\/\/ccover.be\/wp-content\/uploads\/2023\/03\/Ccover-Feb23-47-683x1024.jpg 683w, https:\/\/ccover.be\/wp-content\/uploads\/2023\/03\/Ccover-Feb23-47-200x300.jpg 200w, https:\/\/ccover.be\/wp-content\/uploads\/2023\/03\/Ccover-Feb23-47-768x1152.jpg 768w, https:\/\/ccover.be\/wp-content\/uploads\/2023\/03\/Ccover-Feb23-47-1024x1536.jpg 1024w, https:\/\/ccover.be\/wp-content\/uploads\/2023\/03\/Ccover-Feb23-47-1365x2048.jpg 1365w, https:\/\/ccover.be\/wp-content\/uploads\/2023\/03\/Ccover-Feb23-47-2000x3000.jpg 2000w, https:\/\/ccover.be\/wp-content\/uploads\/2023\/03\/Ccover-Feb23-47-scaled.jpg 1707w\" sizes=\"(max-width: 683px) 100vw, 683px\" \/><\/figure>\n\n\n\n<figure class=\"wp-block-image size-large\"><img loading=\"lazy\" decoding=\"async\" width=\"683\" height=\"1024\" data-id=\"35\" src=\"https:\/\/ccover.be\/wp-content\/uploads\/2023\/03\/Ccover-Feb23-114-683x1024.jpg\" alt=\"\" class=\"wp-image-35\" srcset=\"https:\/\/ccover.be\/wp-content\/uploads\/2023\/03\/Ccover-Feb23-114-683x1024.jpg 683w, https:\/\/ccover.be\/wp-content\/uploads\/2023\/03\/Ccover-Feb23-114-200x300.jpg 200w, https:\/\/ccover.be\/wp-content\/uploads\/2023\/03\/Ccover-Feb23-114-768x1152.jpg 768w, https:\/\/ccover.be\/wp-content\/uploads\/2023\/03\/Ccover-Feb23-114-1024x1536.jpg 1024w, https:\/\/ccover.be\/wp-content\/uploads\/2023\/03\/Ccover-Feb23-114-1365x2048.jpg 1365w, https:\/\/ccover.be\/wp-content\/uploads\/2023\/03\/Ccover-Feb23-114-2000x3000.jpg 2000w, https:\/\/ccover.be\/wp-content\/uploads\/2023\/03\/Ccover-Feb23-114-scaled.jpg 1707w\" sizes=\"(max-width: 683px) 100vw, 683px\" \/><\/figure>\n\n\n\n<figure class=\"wp-block-image size-large\"><img loading=\"lazy\" decoding=\"async\" width=\"683\" height=\"1024\" data-id=\"31\" src=\"https:\/\/ccover.be\/wp-content\/uploads\/2023\/03\/Ccover-Feb23-89-683x1024.jpg\" alt=\"\" class=\"wp-image-31\" srcset=\"https:\/\/ccover.be\/wp-content\/uploads\/2023\/03\/Ccover-Feb23-89-683x1024.jpg 683w, https:\/\/ccover.be\/wp-content\/uploads\/2023\/03\/Ccover-Feb23-89-200x300.jpg 200w, https:\/\/ccover.be\/wp-content\/uploads\/2023\/03\/Ccover-Feb23-89-768x1152.jpg 768w, https:\/\/ccover.be\/wp-content\/uploads\/2023\/03\/Ccover-Feb23-89-1024x1536.jpg 1024w, https:\/\/ccover.be\/wp-content\/uploads\/2023\/03\/Ccover-Feb23-89-1365x2048.jpg 1365w, https:\/\/ccover.be\/wp-content\/uploads\/2023\/03\/Ccover-Feb23-89-2000x3000.jpg 2000w, https:\/\/ccover.be\/wp-content\/uploads\/2023\/03\/Ccover-Feb23-89-scaled.jpg 1707w\" sizes=\"(max-width: 683px) 100vw, 683px\" \/><\/figure>\n\n\n\n<figure class=\"wp-block-image size-large\"><img loading=\"lazy\" decoding=\"async\" width=\"683\" height=\"1024\" data-id=\"33\" src=\"https:\/\/ccover.be\/wp-content\/uploads\/2023\/03\/Ccover-Feb23-87-683x1024.jpg\" alt=\"\" class=\"wp-image-33\" srcset=\"https:\/\/ccover.be\/wp-content\/uploads\/2023\/03\/Ccover-Feb23-87-683x1024.jpg 683w, https:\/\/ccover.be\/wp-content\/uploads\/2023\/03\/Ccover-Feb23-87-200x300.jpg 200w, https:\/\/ccover.be\/wp-content\/uploads\/2023\/03\/Ccover-Feb23-87-768x1152.jpg 768w, https:\/\/ccover.be\/wp-content\/uploads\/2023\/03\/Ccover-Feb23-87-1024x1536.jpg 1024w, https:\/\/ccover.be\/wp-content\/uploads\/2023\/03\/Ccover-Feb23-87-1365x2048.jpg 1365w, https:\/\/ccover.be\/wp-content\/uploads\/2023\/03\/Ccover-Feb23-87-2000x3000.jpg 2000w, https:\/\/ccover.be\/wp-content\/uploads\/2023\/03\/Ccover-Feb23-87-scaled.jpg 1707w\" sizes=\"(max-width: 683px) 100vw, 683px\" \/><\/figure>\n\n\n\n<figure class=\"wp-block-image size-large\"><img loading=\"lazy\" decoding=\"async\" width=\"683\" height=\"1024\" data-id=\"45\" src=\"https:\/\/ccover.be\/wp-content\/uploads\/2023\/03\/Ccover-Feb23-95-683x1024.jpg\" alt=\"\" class=\"wp-image-45\" srcset=\"https:\/\/ccover.be\/wp-content\/uploads\/2023\/03\/Ccover-Feb23-95-683x1024.jpg 683w, https:\/\/ccover.be\/wp-content\/uploads\/2023\/03\/Ccover-Feb23-95-200x300.jpg 200w, https:\/\/ccover.be\/wp-content\/uploads\/2023\/03\/Ccover-Feb23-95-768x1152.jpg 768w, https:\/\/ccover.be\/wp-content\/uploads\/2023\/03\/Ccover-Feb23-95-1024x1536.jpg 1024w, https:\/\/ccover.be\/wp-content\/uploads\/2023\/03\/Ccover-Feb23-95-1365x2048.jpg 1365w, https:\/\/ccover.be\/wp-content\/uploads\/2023\/03\/Ccover-Feb23-95-2000x3000.jpg 2000w, https:\/\/ccover.be\/wp-content\/uploads\/2023\/03\/Ccover-Feb23-95-scaled.jpg 1707w\" sizes=\"(max-width: 683px) 100vw, 683px\" \/><\/figure>\n<\/figure>\n\n\n\n<h1 class=\"wp-block-heading has-text-align-left\" id=\"contact\">Contactez-nous<\/h1>\n\n\n\n<div class=\"wp-block-cover has-medium-font-size\"><span aria-hidden=\"true\" class=\"wp-block-cover__background has-background-dim-70 has-background-dim\"><\/span><img loading=\"lazy\" decoding=\"async\" width=\"1024\" height=\"683\" class=\"wp-block-cover__image-background wp-image-37\" alt=\"\" src=\"https:\/\/ccover.be\/wp-content\/uploads\/2023\/03\/Ccover-Feb23-79-1024x683.jpg\" data-object-fit=\"cover\" srcset=\"https:\/\/ccover.be\/wp-content\/uploads\/2023\/03\/Ccover-Feb23-79-1024x683.jpg 1024w, https:\/\/ccover.be\/wp-content\/uploads\/2023\/03\/Ccover-Feb23-79-300x200.jpg 300w, https:\/\/ccover.be\/wp-content\/uploads\/2023\/03\/Ccover-Feb23-79-768x512.jpg 768w, https:\/\/ccover.be\/wp-content\/uploads\/2023\/03\/Ccover-Feb23-79-1536x1024.jpg 1536w, https:\/\/ccover.be\/wp-content\/uploads\/2023\/03\/Ccover-Feb23-79-2048x1365.jpg 2048w, https:\/\/ccover.be\/wp-content\/uploads\/2023\/03\/Ccover-Feb23-79-2000x1333.jpg 2000w\" sizes=\"(max-width: 1024px) 100vw, 1024px\" \/><div class=\"wp-block-cover__inner-container is-layout-flow wp-block-cover-is-layout-flow\">\n<p class=\"has-text-align-center has-white-color has-text-color has-large-font-size\">Questions ?<\/p>\n\n\n\n<p class=\"has-text-align-center has-white-color has-text-color has-large-font-size\" id=\"contact\"><\/p>\n<\/div><\/div>\n\n\n\n<div class=\"wp-block-contact-form-7-contact-form-selector\">\n<div class=\"wpcf7 no-js\" id=\"wpcf7-f103-o1\" lang=\"fr-FR\" dir=\"ltr\" data-wpcf7-id=\"103\">\n<div class=\"screen-reader-response\"><p role=\"status\" aria-live=\"polite\" aria-atomic=\"true\"><\/p> <ul><\/ul><\/div>\n<form action=\"\/index.php\/wp-json\/wp\/v2\/pages\/13#wpcf7-f103-o1\" method=\"post\" class=\"wpcf7-form init\" aria-label=\"Formulaire de contact\" novalidate=\"novalidate\" data-status=\"init\">\n<div style=\"display: none;\">\n<input type=\"hidden\" name=\"_wpcf7\" value=\"103\" \/>\n<input type=\"hidden\" name=\"_wpcf7_version\" value=\"6.0.3\" \/>\n<input type=\"hidden\" name=\"_wpcf7_locale\" value=\"fr_FR\" \/>\n<input type=\"hidden\" name=\"_wpcf7_unit_tag\" value=\"wpcf7-f103-o1\" \/>\n<input type=\"hidden\" name=\"_wpcf7_container_post\" value=\"0\" \/>\n<input type=\"hidden\" name=\"_wpcf7_posted_data_hash\" value=\"\" \/>\n<\/div>\n<p><label> Votre nom<br \/>\n<span class=\"wpcf7-form-control-wrap\" data-name=\"your-name\"><input size=\"40\" maxlength=\"400\" class=\"wpcf7-form-control wpcf7-text wpcf7-validates-as-required\" autocomplete=\"name\" aria-required=\"true\" aria-invalid=\"false\" value=\"\" type=\"text\" name=\"your-name\" \/><\/span> <\/label>\n<\/p>\n<p><label> Votre e-mail<br \/>\n<span class=\"wpcf7-form-control-wrap\" data-name=\"your-email\"><input size=\"40\" maxlength=\"400\" class=\"wpcf7-form-control wpcf7-email wpcf7-validates-as-required wpcf7-text wpcf7-validates-as-email\" autocomplete=\"email\" aria-required=\"true\" aria-invalid=\"false\" value=\"\" type=\"email\" name=\"your-email\" \/><\/span> <\/label>\n<\/p>\n<p><label> Objet<br \/>\n<span class=\"wpcf7-form-control-wrap\" data-name=\"your-subject\"><input size=\"40\" maxlength=\"400\" class=\"wpcf7-form-control wpcf7-text wpcf7-validates-as-required\" aria-required=\"true\" aria-invalid=\"false\" value=\"\" type=\"text\" name=\"your-subject\" \/><\/span> <\/label>\n<\/p>\n<p><label> Votre message<br \/>\n<span class=\"wpcf7-form-control-wrap\" data-name=\"your-message\"><textarea cols=\"40\" rows=\"10\" maxlength=\"2000\" class=\"wpcf7-form-control wpcf7-textarea\" aria-invalid=\"false\" name=\"your-message\"><\/textarea><\/span> <\/label>\n<\/p>\n<p><input class=\"wpcf7-form-control wpcf7-submit has-spinner\" type=\"submit\" value=\"Envoyer\" \/>\n<\/p><p style=\"display: none !important;\" class=\"akismet-fields-container\" data-prefix=\"_wpcf7_ak_\"><label>&#916;<textarea name=\"_wpcf7_ak_hp_textarea\" cols=\"45\" rows=\"8\" maxlength=\"100\"><\/textarea><\/label><input type=\"hidden\" id=\"ak_js_1\" name=\"_wpcf7_ak_js\" value=\"60\"\/><script>document.getElementById( \"ak_js_1\" ).setAttribute( \"value\", ( new Date() ).getTime() );<\/script><\/p><div class=\"wpcf7-response-output\" aria-hidden=\"true\"><\/div>\n<\/form>\n<\/div>\n<\/div>\n\n\n\n\n\n<div class=\"wp-block-wpzoom-blocks-social-icons is-style-with-canvas-round\" style=\"--wpz-social-icons-block-item-font-size:18px;--wpz-social-icons-block-item-padding-horizontal:6px;--wpz-social-icons-block-item-padding-vertical:6px;--wpz-social-icons-block-item-margin-horizontal:5px;--wpz-social-icons-block-item-margin-vertical:5px;--wpz-social-icons-block-item-border-radius:50px;--wpz-social-icons-block-label-font-size:16px;--wpz-social-icons-block-label-color:#2e3131;--wpz-social-icons-block-label-color-hover:#2e3131;--wpz-social-icons-alignment:flex-start\"><a href=\"https:\/\/www.facebook.com\/CCover.be\" class=\"social-icon-link\" title=\"Facebook\" style=\"--wpz-social-icons-block-item-color:#1877F2;--wpz-social-icons-block-item-color-hover:#1877F2\"><span class=\"social-icon socicon socicon-facebook\"><\/span><\/a><a href=\"https:\/\/www.instagram.com\/ccoverbe\/?igshid=YmMyMTA2M2Y%3D\" class=\"social-icon-link\" title=\"Instagram\" style=\"--wpz-social-icons-block-item-color:#E4405F;--wpz-social-icons-block-item-color-hover:#E4405F\"><span class=\"social-icon socicon socicon-instagram\"><\/span><\/a><\/div>\n","protected":false},"excerpt":{"rendered":"<p>Fabrication en 5 \u00e9tapes Nos cabinets partenaires Cabinet dentaire DL hello@cabinetdentairedl.com010 41 28 45 Rue Edmond Laffineur 91300 Wavre VSC Clinic Blikstraat 12110 &#8211; Wijnegem+32 03 211 00 00info@vsc.clinic Cabinet WaterlooOrthobello Rue Th\u00e9ophile Delbar 8A Boite 11410 Waterloo+32 2 354 07 52Info@orthobello.be Cabinet Dentaire Sophie Jacques Rue Konkel 2181200 Bruxelles02 762 44 23dentiste.jacques@gmail.com Cabinet b-smile &hellip; <\/p>\n<p class=\"link-more\"><a href=\"https:\/\/ccover.be\/\" class=\"more-link\">Lire la suite de<span class=\"screen-reader-text\">\u00ab\u00a0Caract\u00e9ristiques de nos prot\u00e8ges dents C-Cover\u00a0\u00bb<\/span><\/a><\/p>\n","protected":false},"author":1,"featured_media":12,"parent":0,"menu_order":0,"comment_status":"closed","ping_status":"closed","template":"","meta":{"inspiro_hide_title":false,"footnotes":""},"class_list":["post-13","page","type-page","status-publish","has-post-thumbnail","hentry"],"_links":{"self":[{"href":"https:\/\/ccover.be\/index.php\/wp-json\/wp\/v2\/pages\/13","targetHints":{"allow":["GET"]}}],"collection":[{"href":"https:\/\/ccover.be\/index.php\/wp-json\/wp\/v2\/pages"}],"about":[{"href":"https:\/\/ccover.be\/index.php\/wp-json\/wp\/v2\/types\/page"}],"author":[{"embeddable":true,"href":"https:\/\/ccover.be\/index.php\/wp-json\/wp\/v2\/users\/1"}],"replies":[{"embeddable":true,"href":"https:\/\/ccover.be\/index.php\/wp-json\/wp\/v2\/comments?post=13"}],"version-history":[{"count":64,"href":"https:\/\/ccover.be\/index.php\/wp-json\/wp\/v2\/pages\/13\/revisions"}],"predecessor-version":[{"id":236,"href":"https:\/\/ccover.be\/index.php\/wp-json\/wp\/v2\/pages\/13\/revisions\/236"}],"wp:featuredmedia":[{"embeddable":true,"href":"https:\/\/ccover.be\/index.php\/wp-json\/wp\/v2\/media\/12"}],"wp:attachment":[{"href":"https:\/\/ccover.be\/index.php\/wp-json\/wp\/v2\/media?parent=13"}],"curies":[{"name":"wp","href":"https:\/\/api.w.org\/{rel}","templated":true}]}}